{"id":293,"date":"2024-06-17T01:13:43","date_gmt":"2024-06-17T04:13:43","guid":{"rendered":"https:\/\/ltrevisan.com.br\/?page_id=293"},"modified":"2024-06-17T01:31:42","modified_gmt":"2024-06-17T04:31:42","slug":"videos-criativos","status":"publish","type":"page","link":"https:\/\/ltrevisan.com.br\/index.php\/videos-criativos\/","title":{"rendered":"V\u00eddeos Criativos"},"content":{"rendered":"<p>[et_pb_section fb_built=&#8221;1&#8243; custom_padding_last_edited=&#8221;on|phone&#8221; admin_label=&#8221;Header&#8221; _builder_version=&#8221;4.25.2&#8243; _module_preset=&#8221;default&#8221; background_color=&#8221;gcid-1bcf785a-50e1-437b-b09f-65567babc1de&#8221; use_background_color_gradient=&#8221;on&#8221; background_color_gradient_type=&#8221;elliptical&#8221; background_color_gradient_direction_radial=&#8221;right&#8221; background_color_gradient_stops=&#8221;rgba(121,58,255,0.65) 0%|rgba(255,255,255,0) 72%&#8221; background_image=&#8221;https:\/\/ltrevisan.com.br\/wp-content\/uploads\/2024\/06\/Captura-de-Tela-2024-06-16-as-23.58.34-1.jpg&#8221; background_size=&#8221;initial&#8221; background_position=&#8221;top_center&#8221; background_repeat=&#8221;repeat&#8221; background_blend=&#8221;screen&#8221; overflow-x=&#8221;hidden&#8221; overflow-y=&#8221;hidden&#8221; custom_padding=&#8221;110px||||false|false&#8221; custom_padding_tablet=&#8221;40px||||false|false&#8221; custom_padding_phone=&#8221;40px||||false|false&#8221; hover_enabled=&#8221;0&#8243; collapsed=&#8221;on&#8221; global_colors_info=&#8221;{%22gcid-1bcf785a-50e1-437b-b09f-65567babc1de%22:%91%22background_color%22,%22background_color_gradient_stops%22%93}&#8221; sticky_enabled=&#8221;0&#8243;][et_pb_row column_structure=&#8221;2_3,1_3&#8243; _builder_version=&#8221;4.19.5&#8243; _module_preset=&#8221;default&#8221; global_colors_info=&#8221;{}&#8221;][et_pb_column type=&#8221;2_3&#8243; _builder_version=&#8221;4.19.5&#8243; _module_preset=&#8221;default&#8221; z_index=&#8221;10&#8243; global_colors_info=&#8221;{}&#8221;][et_pb_text _builder_version=&#8221;4.19.2&#8243; _module_preset=&#8221;e77fd7cf-dc60-4708-aca8-ac4acf8c9b5a&#8221; custom_margin=&#8221;||10px||false|false&#8221; locked=&#8221;off&#8221; global_colors_info=&#8221;{}&#8221;]<\/p>\n<h1>Voc\u00ea abriu a porta certa!<\/h1>\n<p>[\/et_pb_text][\/et_pb_column][et_pb_column type=&#8221;1_3&#8243; _builder_version=&#8221;4.19.2&#8243; _module_preset=&#8221;default&#8221; global_colors_info=&#8221;{}&#8221;][\/et_pb_column][\/et_pb_row][\/et_pb_section][et_pb_section fb_built=&#8221;1&#8243; admin_label=&#8221;Features&#8221; _builder_version=&#8221;4.25.2&#8243; _module_preset=&#8221;default&#8221; background_color=&#8221;gcid-1bcf785a-50e1-437b-b09f-65567babc1de&#8221; use_background_color_gradient=&#8221;on&#8221; background_color_gradient_stops=&#8221;rgba(255,255,255,0) 70%|#0f0122 100%&#8221; background_color_gradient_overlays_image=&#8221;on&#8221; background_image=&#8221;https:\/\/ltrevisan.com.br\/wp-content\/uploads\/2024\/06\/eye-bg-1.png&#8221; background_size=&#8221;initial&#8221; background_position=&#8221;top_center&#8221; collapsed=&#8221;on&#8221; global_colors_info=&#8221;{%22gcid-1bcf785a-50e1-437b-b09f-65567babc1de%22:%91%22background_color%22%93}&#8221;][et_pb_row column_structure=&#8221;1_3,2_3&#8243; _builder_version=&#8221;4.19.2&#8243; _module_preset=&#8221;default&#8221; global_colors_info=&#8221;{}&#8221;][et_pb_column type=&#8221;1_3&#8243; _builder_version=&#8221;4.19.2&#8243; _module_preset=&#8221;default&#8221; global_colors_info=&#8221;{}&#8221;][et_pb_text _builder_version=&#8221;4.25.2&#8243; _module_preset=&#8221;48c1ffe4-d20e-4b68-9508-1660f631d91f&#8221; global_colors_info=&#8221;{}&#8221;]<\/p>\n<h4>Storytelling, J\u00e1 Ouviu falar?<\/h4>\n<p>[\/et_pb_text][\/et_pb_column][et_pb_column type=&#8221;2_3&#8243; _builder_version=&#8221;4.19.2&#8243; _module_preset=&#8221;default&#8221; global_colors_info=&#8221;{}&#8221;][et_pb_text _builder_version=&#8221;4.19.2&#8243; _module_preset=&#8221;5b26c9ac-e059-4805-aaef-68b67141ba1a&#8221; custom_margin=&#8221;||10px||false|false&#8221; global_colors_info=&#8221;{}&#8221;]<\/p>\n<h2>Essa \u00e9 a porta do Conte\u00fado Criativo!<\/h2>\n<p>[\/et_pb_text][et_pb_text _builder_version=&#8221;4.25.2&#8243; _module_preset=&#8221;3004ca48-f09a-41c4-8bef-07a5b530a45c&#8221; custom_padding=&#8221;6px|||||&#8221; global_colors_info=&#8221;{}&#8221;]<\/p>\n<p>Nessa porta, voc\u00ea vai conhecer o storytelling atrav\u00e9s da lente da f\u00edsica qu\u00e2ntica.<\/p>\n<p>Storytelling \u00e9 como navegar pelo mundo qu\u00e2ntico. Cada hist\u00f3ria \u00e9 um universo de possibilidades, onde cada escolha narrativa pode criar uma nova realidade. Para contar uma boa hist\u00f3ria, voc\u00ea precisa de tr\u00eas elementos essenciais: um in\u00edcio que colapse a fun\u00e7\u00e3o de onda, um meio onde ocorre o entrela\u00e7amento qu\u00e2ntico, e um fim que define a medi\u00e7\u00e3o final.<\/p>\n<p>O in\u00edcio de uma hist\u00f3ria \u00e9 como o colapso da fun\u00e7\u00e3o de onda. No mundo qu\u00e2ntico, antes de medir uma part\u00edcula, ela existe em todos os estados poss\u00edveis ao mesmo tempo. Quando voc\u00ea inicia uma hist\u00f3ria, todas as possibilidades narrativas est\u00e3o abertas. O in\u00edcio \u00e9 o momento em que essas possibilidades se colapsam em uma \u00fanica realidade, capturando a aten\u00e7\u00e3o do p\u00fablico e definindo o rumo da narrativa. \u00c9 como o Big Bang da sua hist\u00f3ria, o evento inicial que cria o universo onde tudo vai acontecer.<\/p>\n<p>O meio da hist\u00f3ria \u00e9 onde ocorre o entrela\u00e7amento qu\u00e2ntico. No mundo qu\u00e2ntico, part\u00edculas podem se entrela\u00e7ar de tal maneira que o estado de uma afeta instantaneamente o estado da outra, n\u00e3o importa a dist\u00e2ncia entre elas. Na narrativa, o meio \u00e9 onde seus personagens e enredos se entrela\u00e7am, criando conex\u00f5es profundas e complexas. Conflitos, desafios e reviravoltas s\u00e3o como intera\u00e7\u00f5es qu\u00e2nticas, mantendo a narrativa coesa e emocionante.<\/p>\n<p>O final da hist\u00f3ria \u00e9 como a medi\u00e7\u00e3o qu\u00e2ntica. Na f\u00edsica qu\u00e2ntica, medir uma part\u00edcula define seu estado final, colapsando todas as possibilidades em uma \u00fanica realidade. O final da sua hist\u00f3ria \u00e9 o momento em que todas as tramas se resolvem e todas as perguntas encontram respostas. Um final impactante \u00e9 aquele que deixa uma marca duradoura, seja uma li\u00e7\u00e3o aprendida, uma emo\u00e7\u00e3o sentida ou um pensamento provocador.<\/p>\n<p>Para ser um bom contador de hist\u00f3rias, \u00e9 preciso mais do que t\u00e9cnica. \u00c9 preciso paix\u00e3o, empatia e autenticidade. Assim como na f\u00edsica qu\u00e2ntica, onde o observador influencia o experimento, suas hist\u00f3rias s\u00e3o influenciadas por voc\u00ea e pelo seu p\u00fablico. Suas narrativas devem refletir quem voc\u00ea \u00e9 e o que voc\u00ea acredita.<\/p>\n<p>Lembre-se, cada hist\u00f3ria que voc\u00ea conta \u00e9 uma oportunidade de explorar novos universos e tocar a ess\u00eancia humana. Use o poder do storytelling para inspirar, ensinar e entreter, e voc\u00ea ver\u00e1 suas hist\u00f3rias se entrela\u00e7arem com a imagina\u00e7\u00e3o de todos que as ouvem, criando uma teia de possibilidades infinitas.<\/p>\n<p>Agora, \u00e9 sua vez de colapsar fun\u00e7\u00f5es de onda e criar universos narrativos inesquec\u00edveis.<\/p>\n<p>[\/et_pb_text][\/et_pb_column][\/et_pb_row][et_pb_row column_structure=&#8221;1_3,1_3,1_3&#8243; _builder_version=&#8221;4.19.2&#8243; _module_preset=&#8221;default&#8221; global_colors_info=&#8221;{}&#8221;][et_pb_column type=&#8221;1_3&#8243; _builder_version=&#8221;4.19.2&#8243; _module_preset=&#8221;default&#8221; global_colors_info=&#8221;{}&#8221;][\/et_pb_column][et_pb_column type=&#8221;1_3&#8243; _builder_version=&#8221;4.19.2&#8243; _module_preset=&#8221;default&#8221; custom_padding_tablet=&#8221;||30px||false|false&#8221; custom_padding_phone=&#8221;||30px||false|false&#8221; custom_padding_last_edited=&#8221;on|desktop&#8221; global_colors_info=&#8221;{}&#8221;][et_pb_image src=&#8221;https:\/\/ltrevisan.com.br\/wp-content\/uploads\/2024\/06\/ai-icon-06.png&#8221; title_text=&#8221;ai-icon-06&#8243; _builder_version=&#8221;4.19.2&#8243; _module_preset=&#8221;default&#8221; global_colors_info=&#8221;{}&#8221;][\/et_pb_image][et_pb_text _builder_version=&#8221;4.25.2&#8243; _module_preset=&#8221;accb2b29-c28c-44ca-a808-f61db839db12&#8243; custom_margin=&#8221;||0px||false|false&#8221; global_colors_info=&#8221;{}&#8221;]<\/p>\n<h3>Pesquisa<\/h3>\n<p>[\/et_pb_text][et_pb_text _builder_version=&#8221;4.25.2&#8243; _module_preset=&#8221;3004ca48-f09a-41c4-8bef-07a5b530a45c&#8221; global_colors_info=&#8221;{}&#8221;]<\/p>\n<p>Fa\u00e7a uma pesquisa e descubra o que o p\u00fablico do seu universo deseja. Nessa etapa deve ser a mais complexa. Invista tempo em uma boa pesquisa.<\/p>\n<p>[\/et_pb_text][\/et_pb_column][et_pb_column type=&#8221;1_3&#8243; _builder_version=&#8221;4.19.2&#8243; _module_preset=&#8221;default&#8221; global_colors_info=&#8221;{}&#8221;][et_pb_image src=&#8221;https:\/\/ltrevisan.com.br\/wp-content\/uploads\/2024\/06\/ai-icon-05.png&#8221; title_text=&#8221;ai-icon-05&#8243; _builder_version=&#8221;4.19.2&#8243; _module_preset=&#8221;default&#8221; global_colors_info=&#8221;{}&#8221;][\/et_pb_image][et_pb_text _builder_version=&#8221;4.25.2&#8243; _module_preset=&#8221;accb2b29-c28c-44ca-a808-f61db839db12&#8243; custom_margin=&#8221;||0px||false|false&#8221; global_colors_info=&#8221;{}&#8221;]<\/p>\n<h3>Estude<\/h3>\n<p>[\/et_pb_text][et_pb_text _builder_version=&#8221;4.19.2&#8243; _module_preset=&#8221;3004ca48-f09a-41c4-8bef-07a5b530a45c&#8221; global_colors_info=&#8221;{}&#8221;]<\/p>\n<p>Estude e planeje como criar seu roteiro e que esteja de acordo com a pesquisa feita. N\u00e3o esque\u00e7a de \u00a0deixar a mensagem com o objetivo final.<\/p>\n<p>&nbsp;<\/p>\n<p>[\/et_pb_text][\/et_pb_column][\/et_pb_row][et_pb_row column_structure=&#8221;1_3,1_3,1_3&#8243; _builder_version=&#8221;4.19.2&#8243; _module_preset=&#8221;default&#8221; global_colors_info=&#8221;{}&#8221;][et_pb_column type=&#8221;1_3&#8243; _builder_version=&#8221;4.19.2&#8243; _module_preset=&#8221;default&#8221; global_colors_info=&#8221;{}&#8221;][\/et_pb_column][et_pb_column type=&#8221;1_3&#8243; _builder_version=&#8221;4.19.2&#8243; _module_preset=&#8221;default&#8221; custom_padding_tablet=&#8221;||30px||false|false&#8221; custom_padding_phone=&#8221;||30px||false|false&#8221; custom_padding_last_edited=&#8221;on|tablet&#8221; global_colors_info=&#8221;{}&#8221;][et_pb_image src=&#8221;https:\/\/ltrevisan.com.br\/wp-content\/uploads\/2024\/06\/ai-icon-04.png&#8221; title_text=&#8221;ai-icon-04&#8243; _builder_version=&#8221;4.19.2&#8243; _module_preset=&#8221;default&#8221; global_colors_info=&#8221;{}&#8221;][\/et_pb_image][et_pb_text _builder_version=&#8221;4.19.2&#8243; _module_preset=&#8221;accb2b29-c28c-44ca-a808-f61db839db12&#8243; custom_margin=&#8221;||0px||false|false&#8221; global_colors_info=&#8221;{}&#8221;]<\/p>\n<h3>Refer\u00eancias<\/h3>\n<p>[\/et_pb_text][et_pb_text _builder_version=&#8221;4.19.2&#8243; _module_preset=&#8221;3004ca48-f09a-41c4-8bef-07a5b530a45c&#8221; global_colors_info=&#8221;{}&#8221;]<\/p>\n<p>Tenha boas refer\u00eancias, elas te ajudar\u00e3o a saber quais ideias v\u00e3o viralizar ou dar maior engajamento no seu nicho de mercado. Veja quais mundos seriam ideias para seu publico, o que consomem de conte\u00fado, p\u00e1gina de venda, v\u00eddeos no YouTube, Instagram e Tik Tok.<\/p>\n<p>&nbsp;<\/p>\n<p>[\/et_pb_text][\/et_pb_column][et_pb_column type=&#8221;1_3&#8243; _builder_version=&#8221;4.19.2&#8243; _module_preset=&#8221;default&#8221; global_colors_info=&#8221;{}&#8221;][et_pb_image src=&#8221;https:\/\/ltrevisan.com.br\/wp-content\/uploads\/2024\/06\/ai-icon-03.png&#8221; title_text=&#8221;ai-icon-03&#8243; _builder_version=&#8221;4.19.2&#8243; _module_preset=&#8221;default&#8221; global_colors_info=&#8221;{}&#8221;][\/et_pb_image][et_pb_text _builder_version=&#8221;4.19.2&#8243; _module_preset=&#8221;accb2b29-c28c-44ca-a808-f61db839db12&#8243; custom_margin=&#8221;||0px||false|false&#8221; global_colors_info=&#8221;{}&#8221;]<\/p>\n<h3>Organiza\u00e7\u00e3o<\/h3>\n<p>[\/et_pb_text][et_pb_text _builder_version=&#8221;4.19.2&#8243; _module_preset=&#8221;3004ca48-f09a-41c4-8bef-07a5b530a45c&#8221; global_colors_info=&#8221;{}&#8221;]<\/p>\n<p>No campo de organiza\u00e7\u00e3o n\u00e3o basta ser organizado apenas na sua mesa, mantenha a ordem de suas ideias, planeje em um local que seja visto e revisto, fa\u00e7a uma limpeza mental, abandone ideias muito comuns e saia da caixa.\u00a0<\/p>\n<p>[\/et_pb_text][\/et_pb_column][\/et_pb_row][\/et_pb_section][et_pb_section fb_built=&#8221;1&#8243; admin_label=&#8221;About&#8221; _builder_version=&#8221;4.25.2&#8243; _module_preset=&#8221;default&#8221; background_color=&#8221;#000000&#8243; collapsed=&#8221;on&#8221; global_colors_info=&#8221;{}&#8221;][et_pb_row column_structure=&#8221;1_2,1_2&#8243; _builder_version=&#8221;4.19.5&#8243; _module_preset=&#8221;default&#8221; global_colors_info=&#8221;{}&#8221;][et_pb_column type=&#8221;1_2&#8243; _builder_version=&#8221;4.19.2&#8243; _module_preset=&#8221;default&#8221; global_colors_info=&#8221;{}&#8221;][et_pb_image src=&#8221;https:\/\/ltrevisan.com.br\/wp-content\/uploads\/2024\/06\/Captura-de-Tela-2024-06-16-as-22.42.43.png&#8221; title_text=&#8221;Captura de Tela 2024-06-16 \u00e0s 22.42.43&#8243; _builder_version=&#8221;4.25.2&#8243; _module_preset=&#8221;default&#8221; custom_margin=&#8221;|||-20%|false|false&#8221; custom_margin_tablet=&#8221;|||0%|false|false&#8221; custom_margin_phone=&#8221;|||0%|false|false&#8221; custom_margin_last_edited=&#8221;on|tablet&#8221; scroll_scaling_enable=&#8221;on&#8221; scroll_scaling=&#8221;0|50|50|100|90%|100|100&#8243; scroll_blur_enable=&#8221;on&#8221; hover_enabled=&#8221;0&#8243; global_colors_info=&#8221;{}&#8221; sticky_enabled=&#8221;0&#8243; filter_saturate=&#8221;0%&#8221; filter_contrast=&#8221;104%&#8221; mix_blend_mode=&#8221;screen&#8221;][\/et_pb_image][\/et_pb_column][et_pb_column type=&#8221;1_2&#8243; _builder_version=&#8221;4.19.5&#8243; _module_preset=&#8221;default&#8221; custom_padding=&#8221;12%||||false|false&#8221; custom_padding_tablet=&#8221;0%||||false|false&#8221; custom_padding_phone=&#8221;0vw||||false|false&#8221; custom_padding_last_edited=&#8221;on|desktop&#8221; global_colors_info=&#8221;{}&#8221;][et_pb_text _builder_version=&#8221;4.19.2&#8243; _module_preset=&#8221;5b26c9ac-e059-4805-aaef-68b67141ba1a&#8221; custom_margin=&#8221;||10px||false|false&#8221; global_colors_info=&#8221;{}&#8221;]<\/p>\n<h2>Conte\u00fado certo para a pessoa certa.<\/h2>\n<p>[\/et_pb_text][et_pb_text _builder_version=&#8221;4.19.2&#8243; _module_preset=&#8221;3004ca48-f09a-41c4-8bef-07a5b530a45c&#8221; global_colors_info=&#8221;{}&#8221;]<\/p>\n<p><span>Simples de falar, dif\u00edcil de fazer. Isso mesmo, conte\u00fado que d\u00e1 certo \u00e9 trabalhoso e exige muito esfor\u00e7o, mas com dedica\u00e7\u00e3o, uma pitada de criatividade e estando com as pessoas certas que est\u00e3o em sintonia com voc\u00ea, pode confiar, vai dar certo!<\/span><\/p>\n<p>[\/et_pb_text][\/et_pb_column][\/et_pb_row][\/et_pb_section][et_pb_section fb_built=&#8221;1&#8243; admin_label=&#8221;Call to Action&#8221; _builder_version=&#8221;4.19.5&#8243; _module_preset=&#8221;default&#8221; background_color=&#8221;gcid-1bcf785a-50e1-437b-b09f-65567babc1de&#8221; use_background_color_gradient=&#8221;on&#8221; background_color_gradient_stops=&#8221;gcid-1bcf785a-50e1-437b-b09f-65567babc1de 0%|rgba(255,255,255,0) 20%|rgba(255,255,255,0) 80%|gcid-1bcf785a-50e1-437b-b09f-65567babc1de 100%&#8221; background_color_gradient_overlays_image=&#8221;on&#8221; background_image=&#8221;https:\/\/ltrevisan.com.br\/wp-content\/uploads\/2024\/06\/eye.png&#8221; background_size=&#8221;contain&#8221; custom_padding=&#8221;10vw||10vw||true|false&#8221; collapsed=&#8221;on&#8221; global_colors_info=&#8221;{%22gcid-1bcf785a-50e1-437b-b09f-65567babc1de%22:%91%22background_color%22,%22background_color_gradient_stops%22%93}&#8221;][et_pb_row _builder_version=&#8221;4.19.5&#8243; _module_preset=&#8221;default&#8221; background_color=&#8221;gcid-f1f9244b-c8ab-43e1-95c3-c0bdf69ac7b5&#8243; background_enable_image=&#8221;off&#8221; custom_padding=&#8221;6%|6%|6%|6%|true|true&#8221; border_radii=&#8221;on|40px|40px|40px|40px&#8221; saved_tabs=&#8221;all&#8221; global_colors_info=&#8221;{%22gcid-f1f9244b-c8ab-43e1-95c3-c0bdf69ac7b5%22:%91%22background_color%22%93}&#8221;][et_pb_column type=&#8221;4_4&#8243; _builder_version=&#8221;4.19.2&#8243; _module_preset=&#8221;default&#8221; global_colors_info=&#8221;{}&#8221;][et_pb_text _builder_version=&#8221;4.19.2&#8243; _module_preset=&#8221;61f940ec-a094-4d4d-abdb-597b8f2e9b12&#8243; text_orientation=&#8221;center&#8221; custom_margin=&#8221;||10px||false|false&#8221; global_colors_info=&#8221;{}&#8221;]<\/p>\n<h2><span>Se voc\u00ea acredita que essa porta faz sentido para voc\u00ea, clique no bot\u00e3o abaixo e vamos juntos continuar abrindo as portas certas para o seu conte\u00fado.<\/span><\/h2>\n<p>[\/et_pb_text][et_pb_text _builder_version=&#8221;4.19.2&#8243; _module_preset=&#8221;3004ca48-f09a-41c4-8bef-07a5b530a45c&#8221; text_orientation=&#8221;center&#8221; custom_margin=&#8221;||40px||false|false&#8221; global_colors_info=&#8221;{}&#8221;][\/et_pb_text][et_pb_button button_url=&#8221;https:\/\/wa.me\/5519991303693&#8243; button_text=&#8221;ABRIR PORTA&#8221; button_alignment=&#8221;center&#8221; _builder_version=&#8221;4.25.2&#8243; _module_preset=&#8221;97594033-6438-4903-81a5-f490acb4b094&#8243; button_text_size=&#8221;17px&#8221; button_bg_color=&#8221;#7CDA24&#8243; button_letter_spacing=&#8221;0px&#8221; button_use_icon=&#8221;off&#8221; global_colors_info=&#8221;{}&#8221;][\/et_pb_button][\/et_pb_column][\/et_pb_row][\/et_pb_section]<\/p>\n","protected":false},"excerpt":{"rendered":"<p>Voc\u00ea abriu a porta certa!Storytelling, J\u00e1 Ouviu falar?Essa \u00e9 a porta do Conte\u00fado Criativo!Nessa porta, voc\u00ea vai conhecer o storytelling atrav\u00e9s da lente da f\u00edsica qu\u00e2ntica. Storytelling \u00e9 como navegar pelo mundo qu\u00e2ntico. Cada hist\u00f3ria \u00e9 um universo de possibilidades, onde cada escolha narrativa pode criar uma nova realidade. Para contar uma boa hist\u00f3ria, voc\u00ea [&hellip;]<\/p>\n","protected":false},"author":1,"featured_media":0,"parent":0,"menu_order":0,"comment_status":"closed","ping_status":"closed","template":"page-template-blank.php","meta":{"_et_pb_use_builder":"on","_et_pb_old_content":"","_et_gb_content_width":"","inline_featured_image":false,"footnotes":""},"class_list":["post-293","page","type-page","status-publish","hentry"],"acf":[],"_links":{"self":[{"href":"https:\/\/ltrevisan.com.br\/index.php\/wp-json\/wp\/v2\/pages\/293","targetHints":{"allow":["GET"]}}],"collection":[{"href":"https:\/\/ltrevisan.com.br\/index.php\/wp-json\/wp\/v2\/pages"}],"about":[{"href":"https:\/\/ltrevisan.com.br\/index.php\/wp-json\/wp\/v2\/types\/page"}],"author":[{"embeddable":true,"href":"https:\/\/ltrevisan.com.br\/index.php\/wp-json\/wp\/v2\/users\/1"}],"replies":[{"embeddable":true,"href":"https:\/\/ltrevisan.com.br\/index.php\/wp-json\/wp\/v2\/comments?post=293"}],"version-history":[{"count":12,"href":"https:\/\/ltrevisan.com.br\/index.php\/wp-json\/wp\/v2\/pages\/293\/revisions"}],"predecessor-version":[{"id":332,"href":"https:\/\/ltrevisan.com.br\/index.php\/wp-json\/wp\/v2\/pages\/293\/revisions\/332"}],"wp:attachment":[{"href":"https:\/\/ltrevisan.com.br\/index.php\/wp-json\/wp\/v2\/media?parent=293"}],"curies":[{"name":"wp","href":"https:\/\/api.w.org\/{rel}","templated":true}]}}